{"id":943,"date":"2012-10-03T19:16:48","date_gmt":"2012-10-03T17:16:48","guid":{"rendered":"http:\/\/www.orphee-art-creations.com\/?page_id=943"},"modified":"2015-02-06T18:30:42","modified_gmt":"2015-02-06T17:30:42","slug":"accueil","status":"publish","type":"page","link":"https:\/\/www.orphee-art-creations.com\/","title":{"rendered":"Accueil"},"content":{"rendered":"<h6 class=\"MsoNormal\"><strong style=\"mso-bidi-font-weight: normal;\"><span style=\"text-decoration: underline;\"><span style=\"font-size: 14.0pt; line-height: 115%; color: #8064a2; mso-themecolor: accent4;\">Bonjour et bienvenue sur ma boutique en ligne !<\/span><\/span><\/strong><\/h6>\n<p><strong><span style=\"font-size: 14.0pt; line-height: 115%;\"><br \/>\n<\/span><\/strong><span style=\"font-size: 14.0pt; line-height: 115%;\"><span style=\"color: gray; mso-themecolor: background1; mso-themeshade: 128;\">Passionn\u00e9e depuis toujours, j\u2019ai pu au fil des ann\u00e9es m\u2019exercer dans diff\u00e9rents domaines de la cr\u00e9ation.<\/span><\/span><\/p>\n<p><span style=\"font-size: 14.0pt; line-height: 115%; color: gray; mso-themecolor: background1; mso-themeshade: 128;\">Je suis tr\u00e8s attentive \u00e0 la qualit\u00e9 et la provenance des produits utilis\u00e9s. J\u2019utilise des perles en verre, en cristal, des semi-pr\u00e9cieuses, de la c\u00e9ramique et je s\u00e9lectionne des mat\u00e9riaux sans sel de plomb et sans nickel. <\/span><\/p>\n<p><span style=\"font-size: 14.0pt; line-height: 115%; color: gray; mso-themecolor: background1; mso-themeshade: 128;\">Vous trouverez dans ma boutique des <a title=\"Bijoux Artisanaux\" href=\"http:\/\/www.orphee-art-creations.com\/?page_id=750\">bijoux<\/a> pour toutes les occasions et des <a title=\"V\u00eatements Enfants\" href=\"http:\/\/www.orphee-art-creations.com\/?page_id=696\">v\u00eatements pour enfants.<\/a> Ces articles sont enti\u00e8rement r\u00e9alis\u00e9s par mes soins.<\/span><\/p>\n<p><span style=\"font-size: 14.0pt; line-height: 115%; color: gray; mso-themecolor: background1; mso-themeshade: 128;\">Je confectionne \u00e9galement des bijoux sur mesure<\/span><\/p>\n<p><span style=\"font-size: 14.0pt; line-height: 115%; color: gray; mso-themecolor: background1; mso-themeshade: 128;\">Prochainement vous pourrez y d\u00e9couvrir des accessoires de mode et des objets de d\u00e9corations.<\/span><\/p>\n<p class=\"MsoNormal\"><span style=\"font-size: 14.0pt; line-height: 115%; color: gray; mso-themecolor: background1; mso-themeshade: 128;\">Dans l\u2019espace Bijoux et sacs \u00e0 mains vous trouverez des bijoux en <a title=\"Bijoux\" href=\"http:\/\/www.orphee-art-creations.com\/?page_id=673\">Acier<\/a> et <a title=\"Bijoux\" href=\"http:\/\/www.orphee-art-creations.com\/?page_id=673\">Rhodi\u00e9<\/a> pour Homme et pour Femme ainsi que des <a title=\"Sacs \u00e0 mains\" href=\"http:\/\/www.orphee-art-creations.com\/?page_id=1238\">sacs \u00e0 mains<\/a> et des foulards (ces articles ne sont pas fabriqu\u00e9s par mes soins).\u00a0<\/span><\/p>\n<p class=\"MsoNormal\"><span style=\"font-size: 14.0pt; line-height: 115%; color: gray; mso-themecolor: background1; mso-themeshade: 128;\">N\u2019h\u00e9sitez pas \u00e0 me contacter\u00a0!<\/span><\/p>\n<p class=\"MsoNormal\"><span style=\"text-decoration: underline;\"><span style=\"font-size: 14.0pt; line-height: 115%; color: gray; mso-themecolor: background1; mso-themeshade: 128;\">Email<\/span><\/span><span style=\"font-size: 14.0pt; line-height: 115%; color: gray; mso-themecolor: background1; mso-themeshade: 128;\">\u00a0: <a href=\"mailto:orphee-art-creation@sfr.fr\">orphee-art-creation@sfr.fr<\/a><\/span><\/p>\n<p class=\"MsoNormal\"><span style=\"text-decoration: underline;\"><span style=\"font-size: 14.0pt; line-height: 115%; color: gray; mso-themecolor: background1; mso-themeshade: 128;\">Tel<\/span><\/span><span style=\"font-size: 14.0pt; line-height: 115%; color: gray; mso-themecolor: background1; mso-themeshade: 128;\">\u00a0: <\/span><span style=\"font-size: 14.0pt; line-height: 115%; color: #17375e; mso-themecolor: text2; mso-themeshade: 191; mso-style-textfill-fill-color: #17375E; mso-style-textfill-fill-themecolor: text2; mso-style-textfill-fill-alpha: 100.0%; mso-style-textfill-fill-colortransforms: lumm=75000;\">03.88.83.11.92 ou 06.19.22.58.65<\/span><\/p>\n<p class=\"MsoNormal\">\n","protected":false},"excerpt":{"rendered":"<p>Bonjour et bienvenue sur ma boutique en ligne ! Passionn\u00e9e depuis toujours, j\u2019ai pu au fil des ann\u00e9es m\u2019exercer dans diff\u00e9rents domaines de la cr\u00e9ation. Je suis tr\u00e8s attentive \u00e0 la qualit\u00e9 et la provenance des produits utilis\u00e9s. J\u2019utilise des perles en verre, en cristal, des semi-pr\u00e9cieuses, de la c\u00e9ramique et je s\u00e9lectionne des mat\u00e9riaux&#8230;<\/p>\n","protected":false},"author":1,"featured_media":0,"parent":0,"menu_order":0,"comment_status":"closed","ping_status":"closed","template":"","meta":[],"_links":{"self":[{"href":"https:\/\/www.orphee-art-creations.com\/index.php?rest_route=\/wp\/v2\/pages\/943"}],"collection":[{"href":"https:\/\/www.orphee-art-creations.com\/index.php?rest_route=\/wp\/v2\/pages"}],"about":[{"href":"https:\/\/www.orphee-art-creations.com\/index.php?rest_route=\/wp\/v2\/types\/page"}],"author":[{"embeddable":true,"href":"https:\/\/www.orphee-art-creations.com\/index.php?rest_route=\/wp\/v2\/users\/1"}],"replies":[{"embeddable":true,"href":"https:\/\/www.orphee-art-creations.com\/index.php?rest_route=%2Fwp%2Fv2%2Fcomments&post=943"}],"version-history":[{"count":21,"href":"https:\/\/www.orphee-art-creations.com\/index.php?rest_route=\/wp\/v2\/pages\/943\/revisions"}],"predecessor-version":[{"id":1409,"href":"https:\/\/www.orphee-art-creations.com\/index.php?rest_route=\/wp\/v2\/pages\/943\/revisions\/1409"}],"wp:attachment":[{"href":"https:\/\/www.orphee-art-creations.com\/index.php?rest_route=%2Fwp%2Fv2%2Fmedia&parent=943"}],"curies":[{"name":"wp","href":"https:\/\/api.w.org\/{rel}","templated":true}]}}